est common factor of r and f?
6
Let h = 2 + 0. Let a = h - -3. Suppose -4*m + a*m + 4*d - 73 = 0, -3*m = 2*d - 199. What is the highest common factor of m and 26?
13
Let l = 69 + -37. What is the greatest common divisor of l and 128?
32
Let d(q) = q**2 + 11*q - 10. Let c be d(-12). Let r(f) = 4*f**2 + 4*f - 4. Let h be r(c). What is the greatest common divisor of h and 4?
4
Let q be (6/4)/((-66)/(-1408)). What is the highest common factor of 4 and q?
4
Let w = -12 + 23. Suppose -3*k + 440 = 2*k. What is the highest common factor of k and w?
11
Suppose 2*f = i + 6 - 3, 5*f - 12 = 4*i. Suppose f = -v + 4*v - 30. Let r be ((-5)/(-1))/((-3)/(-30)). Calculate the highest common divisor of v and r.
10
Suppose -y + 5*y = 28. Suppose 3*r + 20 = y*r. Calculate the highest common divisor of 15 and r.
5
Let l(y) = 5*y**2 + 4*y - 2. Let m be l(1). What is the greatest common factor of 21 and m?
7
Suppose 60 + 28 = 8*n. Calculate the greatest common divisor of 187 and n.
11
Let d be 2 + -4 - 12/1. Let m = d - -28. What is the greatest common factor of m and 42?
14
Let c(g) = 29*g**2 - 6*g + 5. Let a(b) = 29*b**2 - 5*b + 4. Let k(l) = 6*a(l) - 5*c(l). Let m be k(-1). What is the highest common divisor of m and 4?
4
Suppose h + 3 = 18. Calculate the highest common divisor of 75 and h.
15
Let g(n) = -n**3 + 6*n**2 - 2*n - 7. Let d be g(5). Suppose 0 = -x + 5 + 3. Let r be x/2*(-2 + 5). What is the greatest common factor of d and r?
4
Let m = -1 - 0. Let l be 5*m/5*22. Let j = l + 55. Calculate the highest common factor of j and 3.
3
Let d = 6 + -3. Let q be -5*(9/1)/d. Let v = q + 47. What is the highest common divisor of v and 8?
8
Let r = -40 - -84. Calculate the greatest common divisor of r and 11.
11
Suppose -4*u = 5*m - 81, u = 6*u + 2*m - 80. Calculate the greatest common factor of 70 and u.
14
Suppose -7 = -20*b + 19*b. Suppose -b*w + 20 = -2*w. Calculate the highest common divisor of w and 8.
4
Let d(a) = 43*a**2 + 2*a - 1. Suppose 0 = s - 0 - 1. Let z be d(s). Calculate the greatest common divisor of z and 11.
11
Suppose 5*p + 59 = 3*m + 264, 4*m = 20. Suppose 4*o - p = 40. Calculate the greatest common divisor of o and 21.
21
Let t(n) = n**2 - 8*n + 2. Let o be t(7). Let d(u) = 2*u**2 - 1. Let r be d(2). Let w = o + r. What is the greatest common divisor of 1 and w?
1
Suppose 377 = 9*z - 838. Calculate the greatest common divisor of 54 and z.
27
Suppose -j = -16 - 57. Let v = j - 46. What is the greatest common divisor of 27 and v?
27
Let b = 225 - 223. Let t(d) = -3*d - 3. Let i be t(-6). Suppose -3*w + r = -i, w - 4*r + 2*r = 0. Calculate the highest common factor of w and b.
2
Suppose 12*r - 147 = 9*r. What is the greatest common factor of 539 and r?
49
Let s(i) = 2*i**3 + 2*i - 2*i + 2*i**2. Let f be s(3). Suppose 21 = 3*r - 3. What is the highest common factor of r and f?
8
Suppose 7*d = 5*d. Suppose 0 = -d*p + 3*p - 3*f - 294, -f = 4*p - 382. What is the greatest common factor of p and 12?
12
Let u = 63 - 7. What is the highest common divisor of u and 7?
7
Let c(l) = 25*l + 10. Let t be c(5). Calculate the greatest common divisor of 54 and t.
27
Let j be (-29)/(-9) - 10/45. Calculate the highest common divisor of j and 2.
1
Suppose -i - 1 = -3. Suppose 0 = i*c - 53 + 17. Calculate the greatest common factor of 18 and c.
18
Let w be 0 - 11*38/(-2). Let f(p) be the first derivative of 5*p**3/3 + p**2 + 3*p + 4. Let r be f(-2). Calculate the greatest common divisor of r and w.
19
Suppose 2*z + 3*z = 10. Suppose 2*n - 20 = -z*n. What is the highest common divisor of n and 10?
5
Let j(z) = 2*z - 10. Let c be j(8). Suppose 0*x = 2*x - 12. Calculate the greatest common factor of c and x.
6
Let n be -1*-1*6/2. Suppose 0 = -3*q - 2*q - 95. Let j = 46 + q. What is the highest common divisor of n and j?
3
Let u(t) = -t**3 + 8*t**2 + 11*t + 3. Let h be u(9). What is the highest common divisor of 3 and h?
3
Let a(g) = 12*g**2 + g - 3. Let z be a(3). What is the greatest common factor of z and 24?
12
Let x = 116 + -11. Calculate the highest common divisor of x and 15.
15
Let s(v) = -2*v**2. Let n be s(1). Let m(f) = -9*f + 2. Let q be m(n). Calculate the greatest common divisor of q and 20.
20
Suppose -25 = 21*d - 26*d. Calculate the greatest common factor of 55 and d.
5
Let n(x) = x**2 - 4. Let w be n(-5). Let h be -3 + (0 - -6) + -80. Let r = h - -287. What is the greatest common divisor of w and r?
21
Suppose 4*d - 34 = -5*h, 4*h - d = -5 + 49. What is the highest common divisor of h and 40?
10
Let r(b) = 2*b + 17. Let t be r(-6). What is the highest common factor of 35 and t?
5
Suppose -3*z + k - 1 = -7, 2*k - 6 = -3*z. Suppose -6*u + 396 = -z*u. What is the greatest common divisor of u and 11?
11
Let o = -2 - -4. Let l(v) = -o + 3*v**2 - v**2 - 5*v - 2*v. Let t be l(6). Calculate the greatest common factor of t and 7.
7
Let k = 6 - 3. Suppose k*l - 1 - 14 = 0. Suppose -m = -l*m + 4, 0 = v - 5*m - 2. Calculate the greatest common factor of 77 and v.
7
Let s = 131 - 119. Calculate the highest common factor of s and 12.
12
Let m = -9 - -14. Suppose -m*d - 5*r = -725, -2*d + r + 292 = 4*r. Suppose -3*t = 2*t - 65. Calculate the highest common divisor of d and t.
13
Let d be (-306)/(-7) - ((-108)/(-63))/(-6). Calculate the greatest common divisor of d and 66.
22
Let z = -5 + 13. Calculate the highest common divisor of z and 16.
8
Let f = -158 - -168. Let g(c) be the first derivative of -5*c**2/2 + 5*c - 1. Let b be g(-5). What is the greatest common divisor of b and f?
10
Suppose n + 13 = 2*l, -3*l - 4*n = -52 + 16. Let x = l - 5. Let w(k) = -25*k**3 + 2*k + 1. Let p be w(-1). What is the greatest common factor of x and p?
3
Let s(v) = v**3 + 10*v**2 - 9*v + 16. Let a be s(-11). Let z be a*-10*33/6. Calculate the greatest common factor of 30 and z.
30
Let c = 181 + -69. Let d = 18 - -10. What is the greatest common factor of d and c?
28
Let s be (8/4 - -39) + -1. Calculate the greatest common divisor of s and 20.
20
Let c(b) = 2*b**3 - 15*b**2 - 2*b - 4. Let o be c(8). What is the greatest common divisor of o and 33?
11
Let c be 1*7*(2 - 1). Let h be (-2)/c - 132/(-21). Let b(p) = -p**3 + 7*p**2 - 2*p - 4. Let s be b(h). Calculate the greatest common divisor of s and 4.
4
Let o be ((-1)/(-3))/((-4)/(-60)). Suppose 6*q = o*q + 2. Calculate the greatest common divisor of q and 2.
2
Let r(q) = 3*q**3 + q**2 - q - 2. Let d be r(2). Calculate the highest common factor of d and 168.
24
Let x = 7 - 5. What is the greatest common divisor of 5 and x?
1
Let n(x) = x**2 + 5*x + 24. Let f be n(-12). What is the highest common divisor of f and 12?
12
Let l = 125 + -122. What is the highest common divisor of l and 1?
1
Suppose 2*d - 2 = -4*u + 2, -u + 7 = 2*d. Let i = 8 - u. Calculate the highest common divisor of i and 36.
9
Suppose -32 = -2*s + 4*b, -4 = s + b - 20. What is the greatest common divisor of 2 and s?
2
Suppose -24 = -v - 3*v. Let m be (-8)/v*(-105)/(-7). Let d = m + 47. What is the highest common factor of d and 216?
27
Let d(n) = n**2 - 5*n + 6. Let q be d(4). Suppose -7*v + q*v = -5. Suppose -v = -4*a + 39. Calculate the highest common factor of 110 and a.
10
Suppose 3*j = -0*j + 39. Calculate the highest common factor of j and 52.
13
Suppose -t + 8 = t. Suppose l = -t*l + 110. Let x = l - 10. Calculate the highest common factor of 3 and x.
3
Let m be (-6)/(-3)*15/(2 + 1). Suppose -2*p - 16 = -5*u, 2*p - 5*p + u + 2 = 0. Calculate the greatest common factor of p and m.
2
Let v(y) = 2 + 3*y**2 - 3 + 6*y**2. Let c be v(1). Suppose -3*i = -4*i + 24. What is the highest common factor of c and i?
8
Let x be -5 + -1 + 3 + -1. Let t be (-2)/8 - 74/(-8). Let j = x + t. Calculate the highest common factor of j and 35.
5
Suppose 6*i - 454 - 998 = 0. What is the greatest common divisor of 22 and i?
22
Let o = 217 - 113. Calculate the greatest common factor of 13 and o.
13
Let w be 3 + 688/4 - 4. Let n = -26 - 2. Let z = n + 47. Calculate the greatest common factor of w and z.
19
Suppose 14 = -29*x + 30*x. What is the highest common factor of 126 and x?
14
Let k = 40 - 38. Calculate the highest common divisor of 6 and k.
2
Let t = 62 + -51. What is the highest common factor of t and 121?
11
Let o be 3/1 - -24 - -3. Let t = o - 17. What is the greatest common fa